{"id":626,"date":"2012-06-27T22:37:33","date_gmt":"2012-06-27T22:37:33","guid":{"rendered":"http:\/\/www.propiano.org\/english\/?page_id=626"},"modified":"2014-08-16T06:33:07","modified_gmt":"2014-08-16T06:33:07","slug":"2012-2","status":"publish","type":"page","link":"https:\/\/propiano.org\/english\/2012-2\/","title":{"rendered":"2012"},"content":{"rendered":"<p align=\"center\"><strong>Awards ~\u00a0I<\/strong><strong>nternational Piano Competition\u00a0<\/strong><strong>\u201ePRO PIANO-ROM\u00c2NIA\u201d\u00a0<\/strong><\/p>\n<p align=\"center\"><strong>16 th Edition (2012)<\/strong><\/p>\n<p style=\"text-align: left;\" align=\"center\"><b>A\u00a0CATEGORY\u00a0<\/b><\/p>\n<p><strong>\u00a0A1 (2005)<\/strong><\/p>\n<p><strong>V<\/strong> \u2013 Iorga Vlad Gabriel<\/p>\n<p><strong>IV<\/strong> \u2013 Porojan Vlad Mihnea<\/p>\n<p><strong>III<\/strong> \u2013 Zagh\u0103r Alexandra Laura<\/p>\n<p><strong>II<\/strong> \u2013 B\u00eerlog Florin Georgian<\/p>\n<p><strong>I<\/strong> \u2013 Antonescu Victor Gabriel<\/p>\n<p>&#8211; Brumar Ana Maya<\/p>\n<p>&nbsp;<\/p>\n<p><strong>A2 \u00a0(2004)<\/strong><\/p>\n<p><strong>V<\/strong> \u2013 Dinic\u0103 Andreea<\/p>\n<p>&#8211; Preda C\u0103t\u0103lina Ioana<\/p>\n<p>&#8211; Smadu Sabina Ioana<\/p>\n<p><strong>IV<\/strong> \u2013 Achim Dariana<\/p>\n<p><strong>III<\/strong> \u2013\u00a0 Culerda Andrei<\/p>\n<p>&#8211; Hanganu Alexia<\/p>\n<p><strong>II <\/strong>&#8211; Ionescu Maria Bianca<\/p>\n<p>&#8211; N\u0103stase Ioan<\/p>\n<p><strong>I <\/strong>&#8211; Stancu M\u0103d\u0103lin Eduard<\/p>\n<p><strong>I \u0219i \u00a0Special Award<\/strong> \u2013 Stoian Alexandru Drago\u0219<\/p>\n<p><strong>Ist \u00a0of\u00a0Excellence<\/strong>\u00a0&#8211; Mezei Theodore Mihai<\/p>\n<p>&nbsp;<\/p>\n<p><strong>A3 (2003)<\/strong><\/p>\n<p><strong>IV<\/strong> \u2013 Doroban\u021bu Sabina<\/p>\n<p>&#8211; Nicolae Andreea Ioana<\/p>\n<p>&#8211; Nistor Catinca Cristiana<\/p>\n<p><strong>III <\/strong>&#8211; Alexandrescu Tudor Nicolay<\/p>\n<p>&#8211;\u00a0 B\u0103dan Drago\u0219 Alin<\/p>\n<p><strong>II<\/strong> \u2013 Barbu Alexandru Alin<\/p>\n<p>&#8211; Buluci Andrei David<\/p>\n<p>&#8211; Dragomir Stanciu Diana Rafaela<\/p>\n<p>&#8211; Varga Richard Alexandru<\/p>\n<p><strong>I <\/strong>&#8211; G\u0103mulescu Anelise<\/p>\n<p><strong>Ist \u00a0of\u00a0Excellence<\/strong>\u00a0\u00a0\u2013 Gogoa\u0219\u0103 Diana Maria<\/p>\n<p><strong><strong>Ist \u00a0of\u00a0Excellence<\/strong>\u00a0<\/strong>\u2013 Tolea Petru<\/p>\n<p>&nbsp;<\/p>\n<p><strong>A4 (2002)<\/strong><\/p>\n<p><strong>V<\/strong> \u2013 Netzer Ana Zora<\/p>\n<p><strong>IV <\/strong>&#8211; Asandei Paula Cristina<\/p>\n<p><strong>III <\/strong>\u2013 Andrei Ioana<\/p>\n<p>&#8211; Dobre Karina Maria<\/p>\n<p>&#8211; Gr\u0103mescu Irina<\/p>\n<p>&#8211; Stan Josua Emanoil<\/p>\n<p>&#8211; Sultanova Setora<\/p>\n<p><strong>II<\/strong> \u2013 Stoian George Fabian<\/p>\n<p>&#8211;\u00a0\u00a0\u00a0\u00a0 Suciu Filip Dimitrie<\/p>\n<p><strong>I<\/strong> \u2013 Butaru Tudor George<\/p>\n<p>&#8211; Deri Andreas Nicolas<\/p>\n<p>-St\u0103nescu Bianca Florentina<\/p>\n<p><strong>Ist and \u00a0Special Award<\/strong>\u2013 Camen\u00a0 Eduard Cosmin<\/p>\n<p>&nbsp;<\/p>\n<h3><\/h3>\n<h3><span style=\"color: #000000;\"><strong>B CATEGORY\u00a0<\/strong><\/span><\/h3>\n<p><strong>B1 (2001)<\/strong><\/p>\n<p><strong>V<\/strong> \u2013 D\u0103n\u0103cic\u0103 Alexia<\/p>\n<p><strong>III <\/strong>&#8211; Chesoi Ioana C\u0103t\u0103lina<\/p>\n<p><strong>II <\/strong>&#8211; Craimerman Robert<\/p>\n<p>&#8211; S\u00eencu Ionu\u021b<\/p>\n<p><strong>I <\/strong>&#8211; Sonea Ieronim<\/p>\n<p><strong><strong>Ist \u00a0of\u00a0Excellence<\/strong><\/strong>\u00a0\u2013 Ionescu Cristian Paul<\/p>\n<p><strong><strong>Ist \u00a0of\u00a0Excellence<\/strong><\/strong>\u00a0\u2013 Tolea \u0218tefan<\/p>\n<p>&nbsp;<\/p>\n<p><strong>B2 (2000)<\/strong><\/p>\n<p><strong>III<\/strong> \u2013 An\u0103nu\u021bei Ana Teodora<\/p>\n<p>&#8211; B\u0103ran Andreea Cristina<\/p>\n<p>&#8211; Manolache Alexandru<\/p>\n<p>&#8211; Nezami Indira<\/p>\n<p><strong>II<\/strong> \u2013 Butaru Oana M\u0103d\u0103lina<\/p>\n<p>&#8211; Rusu Lauren\u021biu Gerard<\/p>\n<p><strong>I<\/strong> \u2013 Ciocan Sas Toma<\/p>\n<p>&#8211; Gu\u021bu \u0218tefan<\/p>\n<p>&nbsp;<\/p>\n<p><strong>B3 (1999)<\/strong><\/p>\n<p><strong>II<\/strong> \u2013 Mladin Nil<\/p>\n<p>&#8211; Soleanu Petru<\/p>\n<p><strong><strong>Ist \u00a0of\u00a0Excellence<\/strong><\/strong>\u00a0\u2013 Dumitru Theodor<\/p>\n<p>&nbsp;<\/p>\n<p><strong>B4 (1998)<\/strong><\/p>\n<p><strong>III<\/strong> \u2013 Marinescu Marian Andrei<\/p>\n<p><strong>II<\/strong> \u2013 Ergashev Aziz<\/p>\n<p>-Stoica C\u0103t\u0103lin Leonard<\/p>\n<p>&nbsp;<\/p>\n<p><strong>B5 (1997)<\/strong><\/p>\n<p><strong>IV<\/strong> \u2013 Stoica Diana<\/p>\n<p><strong>II <\/strong>&#8211; Dorofte Monica Andreea<\/p>\n<p>&nbsp;<\/p>\n<p><strong>B6 (1996)<\/strong><\/p>\n<p><strong>V<\/strong> \u2013 Prager Clara<\/p>\n<p><strong>III <\/strong>&#8211; Bordeanu C\u0103t\u0103lina<\/p>\n<p><strong>II <\/strong>&#8211; Fr\u00eencu Ioana<\/p>\n<p><strong><strong>Ist \u00a0of\u00a0Excellence<\/strong><\/strong>\u00a0\u2013 M\u0103rgineanu-Gavrilescu Andra Maria<\/p>\n<p><strong><strong>Ist \u00a0of\u00a0Excellence<\/strong><\/strong>\u00a0\u2013 \u021aal\u0103 Alexandru<\/p>\n<p>&nbsp;<\/p>\n<p><strong>B7 (1995)<\/strong><\/p>\n<p><strong>III<\/strong> \u2013 Dilyafruz Talipova<\/p>\n<p><strong>II <\/strong>&#8211; Dadamukhamedova Nodira<\/p>\n<p>&#8211; Ghi\u021b\u0103 Horia<\/p>\n<p>&#8211; Mladin Nicon<\/p>\n<p><strong>Ist and \u201dJ. S. Bach\u201d\u00a0Award<\/strong> \u2013 M\u00e2n\u0103stireanu Ana<\/p>\n<p>&nbsp;<\/p>\n<p><strong>B8-1994\/93<\/strong><\/p>\n<p><strong>V<\/strong> \u2013 Vasile Domnica Smaranda<\/p>\n<p><strong>Ist and \u00a0\u201dJ. S. Bach\u201d<\/strong>\u00a0 <strong>Award\u2013<\/strong> Constantinescu Diana Mihaela<\/p>\n<p>&nbsp;<\/p>\n<h3><span style=\"color: #000000;\"><strong>C Category (1982)<\/strong><\/span><\/h3>\n<p><strong>IV<\/strong> \u2013 Boboc Roxana<\/p>\n<p><strong>III<\/strong> \u2013 Ausrin\u00a0 Garsonait<\/p>\n<p><strong>II <\/strong>&#8211; Bota Bianca<\/p>\n<p>&nbsp;<\/p>\n<h3><span style=\"color: #000000;\">\u00a0D\u00a0<strong>CATEGORY\u00a0<\/strong>(4 hands)<\/span><\/h3>\n<p><strong>Category D1 (4 hands)<\/strong><\/p>\n<p><strong>II<\/strong> \u2013 Butaru Tudor \u0219i Butaru Oana M\u0103d\u0103lina<\/p>\n<p><strong><strong>Ist \u00a0of\u00a0Excellence<\/strong><\/strong>\u2013 Tolea Petru si Tolea \u0218tefan<\/p>\n<p><strong>D2 (4 hands)<\/strong><\/p>\n<p><strong>II<\/strong> \u2013 Bordeanu C\u0103t\u0103lina \u0219i Prager Clara<\/p>\n<p>&#8211; Pascu Iarina \u0219i Sibiescu Cora<\/p>\n<p><strong>D3 (4 hands)<\/strong><\/p>\n<p><strong><strong>Ist \u00a0of\u00a0Excellence<\/strong><\/strong>\u2013 Cojuharov Ioana \u0219i Sar\u0103u Adriana<\/p>\n","protected":false},"excerpt":{"rendered":"<p>Awards ~\u00a0International Piano Competition\u00a0\u201ePRO PIANO-ROM\u00c2NIA\u201d\u00a0 16 th Edition (2012) A\u00a0CATEGORY\u00a0 \u00a0A1 (2005) V \u2013 Iorga Vlad Gabriel IV \u2013 Porojan Vlad Mihnea III \u2013 Zagh\u0103r Alexandra Laura II \u2013 B\u00eerlog Florin Georgian I \u2013 Antonescu Victor Gabriel &#8211; Brumar Ana Maya &nbsp; A2 \u00a0(2004) V \u2013 Dinic\u0103 Andreea &#8211; Preda C\u0103t\u0103lina Ioana &#8211; Smadu Sabina [&hellip;]<\/p>\n","protected":false},"author":1,"featured_media":0,"parent":0,"menu_order":0,"comment_status":"open","ping_status":"open","template":"","meta":{"footnotes":""},"class_list":["post-626","page","type-page","status-publish","hentry"],"_links":{"self":[{"href":"https:\/\/propiano.org\/english\/wp-json\/wp\/v2\/pages\/626","targetHints":{"allow":["GET"]}}],"collection":[{"href":"https:\/\/propiano.org\/english\/wp-json\/wp\/v2\/pages"}],"about":[{"href":"https:\/\/propiano.org\/english\/wp-json\/wp\/v2\/types\/page"}],"author":[{"embeddable":true,"href":"https:\/\/propiano.org\/english\/wp-json\/wp\/v2\/users\/1"}],"replies":[{"embeddable":true,"href":"https:\/\/propiano.org\/english\/wp-json\/wp\/v2\/comments?post=626"}],"version-history":[{"count":9,"href":"https:\/\/propiano.org\/english\/wp-json\/wp\/v2\/pages\/626\/revisions"}],"predecessor-version":[{"id":928,"href":"https:\/\/propiano.org\/english\/wp-json\/wp\/v2\/pages\/626\/revisions\/928"}],"wp:attachment":[{"href":"https:\/\/propiano.org\/english\/wp-json\/wp\/v2\/media?parent=626"}],"curies":[{"name":"wp","href":"https:\/\/api.w.org\/{rel}","templated":true}]}}