{"id":955,"date":"2014-09-02T15:13:11","date_gmt":"2014-09-02T15:13:11","guid":{"rendered":"http:\/\/www.propiano.org\/english\/?page_id=955"},"modified":"2014-09-02T15:13:29","modified_gmt":"2014-09-02T15:13:29","slug":"2007-2","status":"publish","type":"page","link":"https:\/\/propiano.org\/english\/2007-2\/","title":{"rendered":"2007"},"content":{"rendered":"<h3 align=\"center\"><strong>Premiile\u00a0<\/strong><strong>Concursului Interna<\/strong><strong>\u0163ional<\/strong><\/h3>\n<h3 align=\"center\"><strong>\u201ePRO PIANO-ROM\u00c2NIA\u201d &#8211;\u00a0<\/strong><strong>edi\u0163ia a XI -a \u2013 2007<\/strong><\/h3>\n<p>&nbsp;<\/p>\n<p><strong>A0(2001)<\/strong><\/p>\n<p>I &#8211; Tolea \u015etefan<\/p>\n<p><strong>\u00a0<\/strong><\/p>\n<p><strong>A1(2000)<\/strong><\/p>\n<p>III &#8211; V\u00eej\u0103 Andreea<\/p>\n<p>II &#8211; M\u0103lineanu Henry Emanuel<\/p>\n<p>I &#8211; Achim Cristiana<\/p>\n<p>&#8211; Solomon Sebastian<\/p>\n<p><strong>\u00a0<\/strong><\/p>\n<p><strong>A2(1999)<\/strong><\/p>\n<p>V &#8211; \u015eandru<br \/>\n&#8211; Gabriel Nicolae<\/p>\n<p>IV &#8211; Ciontu Horia<\/p>\n<p>&#8211; \u00a0Dumitrescu Andreea Carmen<\/p>\n<p>&#8211; Mihai Laura Allyssa<\/p>\n<p>III &#8211; Cicireag\u0103 Moisescu Andreea<\/p>\n<p>&#8211; Fodor Bianca<\/p>\n<p>&#8211; Ni\u0163ulescu Iris Maria<\/p>\n<p>II &#8211; Fieraru \u015etefania<\/p>\n<p>II \u015fi Premiu Special \u00a0&#8211; Stan Alexandra<\/p>\n<p>I &#8211; Dumitru Theodor<\/p>\n<p>&#8211; Mucan Anna<\/p>\n<p>&#8211; S\u0103l\u0103jan Morar Vassiana<\/p>\n<p>&nbsp;<\/p>\n<p><strong>A3(1998)<\/strong><\/p>\n<p>V &#8211; Niculae Florentin<\/p>\n<p>&#8211; Priboi Ilinca<\/p>\n<p>IV &#8211; Lamb\u0103 Eduard<\/p>\n<p>&#8211; Popescu \u015etefan Cornel<\/p>\n<p>&#8211; Popescu Ion Octavian<\/p>\n<p>&#8211; Verly Toma Emanuel<\/p>\n<p>&#8211; Zmeu Vladislav<\/p>\n<p>III &#8211; Iancu Teodor Sorin<\/p>\n<p>&#8211; Petrescu Bianca<\/p>\n<p>&#8211; Stoica Leonard C\u0103t\u0103lin<\/p>\n<p>II &#8211; Cucu Ana Maria<\/p>\n<p>&#8211; \u00a0Urian Maria<\/p>\n<p>I &#8211; S\u0103tnoianu Bertha<\/p>\n<p>&#8211;\u00a0 Surdu Andrei<\/p>\n<p>&#8211; T\u0103nase\u00a0Ioana<\/p>\n<p>&nbsp;<\/p>\n<p><strong>A4(1997)<\/strong><\/p>\n<p>V &#8211; Manole Dan Constantin<\/p>\n<p>IV &#8211; Cr\u0103ciun Andrei<\/p>\n<p>&#8211; Furtun\u0103 Eveline Desiree<\/p>\n<p>&#8211;\u00a0 Simionescu Sergiu Vlad<\/p>\n<p>III &#8211; Vod\u0103 Ileana Maria<\/p>\n<p>II &#8211; Andrei Marianna<\/p>\n<p>&#8211; Bu\u015fecan Anca Nicoleta<\/p>\n<p>&#8211; Popa Ioana<\/p>\n<p>&#8211; S\u0103lcianu M\u0103d\u0103lin Cristian<\/p>\n<p>&#8211; Stoica Diana<\/p>\n<p>I &#8211; Pascu Ana Iarina<\/p>\n<p>&nbsp;<\/p>\n<p><strong>B1<\/strong><\/p>\n<p>V &#8211; Baltasiu Teodora<\/p>\n<p>&#8211; Marcu Antonio<\/p>\n<p>III &#8211; Prisada Radu<\/p>\n<p>&#8211; Sibiescu Cora Geanina<\/p>\n<p>II &#8211; Chi\u015f Diana Teodora<\/p>\n<p>&#8211; Fr\u00e2ncu\u00a0 Ioana<\/p>\n<p>&#8211; Grecu Maria C\u0103t\u0103lina<\/p>\n<p>&#8211; \u0162al\u0103 Alexandru<\/p>\n<p>I &#8211; Chiri\u0163\u0103 Adriana<\/p>\n<p>&#8211; Fayzieva Zarina<\/p>\n<p>&nbsp;<\/p>\n<p><strong>B2<\/strong><\/p>\n<p>V &#8211; Radu Adrian Emanuel<\/p>\n<p>&nbsp;<\/p>\n<p><strong>B3<\/strong><\/p>\n<p>V &#8211; Vasile Domnica Smaranda<\/p>\n<p>IV &#8211; Cipkina Sandra<\/p>\n<p>&#8211; Groza Marius<\/p>\n<p>&#8211; Ni\u0163ulescu Sergiu Ioan<\/p>\n<p>III &#8211; Chiri\u0163\u0103 Mihai<\/p>\n<p>II &#8211; Farruhjon Sayfiddinov<\/p>\n<p>I &#8211; Kiknavelidze Luka<\/p>\n<p><strong>\u00a0<\/strong><\/p>\n<p><strong>B4<\/strong><\/p>\n<p>V &#8211; Grigore Georgiana<\/p>\n<p>IV &#8211; Galev Josua<\/p>\n<p>III &#8211; Ioni\u0163\u0103 Florin Iani<\/p>\n<p>I &#8211; P\u0103dureanu Alexandru<\/p>\n<p>I de Exclenta &#8211; Sandrin Cristian<\/p>\n<p>&nbsp;<\/p>\n<p><strong>B6<\/strong><\/p>\n<p>V &#8211; Veress Gaspar<\/p>\n<p>IV &#8211; Baciu Alexandra<\/p>\n<p>&#8211; Szabo Alexandru<\/p>\n<p>I &#8211; Marinescu Miriam Lucia<\/p>\n<p>&#8211; \u00a0Mocanu Leonard<\/p>\n<p>&nbsp;<\/p>\n<p><strong>B7<\/strong><\/p>\n<p>IV &#8211; Andriescu Eleonora<\/p>\n<p>&#8211; P\u0103tr\u0103\u015fcanu Ana Irina<\/p>\n<p>II &#8211; Honcear Alina<\/p>\n<p>&#8211; D\u0103nil\u0103 M\u0103d\u0103lina<\/p>\n<p>I de Excelen\u0163\u0103 &#8211; Hergane Ionu\u0163<\/p>\n<p>&nbsp;<\/p>\n<p><strong>B8<\/strong><\/p>\n<p>II &#8211; Georgescu Marius Ovidiu<\/p>\n<p>I &#8211; Cojuharov Ioana Valentina<\/p>\n<p>I de Excelen\u0163\u0103 &#8211; Chernov Andrei<\/p>\n<p><strong>\u00a0<\/strong><\/p>\n<p><strong>D\u00a0<\/strong>(4 maini)<\/p>\n<p>IV &#8211; V\u00eej\u0103 Andreea \u015fiMihai Laura<\/p>\n<p>III &#8211; Baris Albert Brandon \u015fiFurtun\u0103 Eveline<\/p>\n<p>II &#8211; Prager Clara \u015fi G\u00e2rbea Cristina<\/p>\n<p>I &#8211; Chiri\u0163\u0103 Adriana\u00a0 \u015fi T\u0103nase Ioana<\/p>\n<p>&#8211; Vasile Smaranda \u015fiZahiu Bianca<\/p>\n<p>&#8211; R\u0103ducanu Corina \u015fi Dumitrescu Eugen<\/p>\n<p><strong>\u00a0<\/strong><\/p>\n<p><strong>C<\/strong><\/p>\n<p>III &#8211; Mu\u0163 Andreea<\/p>\n<p>II &#8211; Koziariz Natalia<\/p>\n<p>I &#8211; Cleiankina Olga<\/p>\n","protected":false},"excerpt":{"rendered":"<p>Premiile\u00a0Concursului Interna\u0163ional \u201ePRO PIANO-ROM\u00c2NIA\u201d &#8211;\u00a0edi\u0163ia a XI -a \u2013 2007 &nbsp; A0(2001) I &#8211; Tolea \u015etefan \u00a0 A1(2000) III &#8211; V\u00eej\u0103 Andreea II &#8211; M\u0103lineanu Henry Emanuel I &#8211; Achim Cristiana &#8211; Solomon Sebastian \u00a0 A2(1999) V &#8211; \u015eandru &#8211; Gabriel Nicolae IV &#8211; Ciontu Horia &#8211; \u00a0Dumitrescu Andreea Carmen &#8211; Mihai Laura Allyssa III [&hellip;]<\/p>\n","protected":false},"author":1,"featured_media":0,"parent":0,"menu_order":0,"comment_status":"open","ping_status":"open","template":"","meta":{"footnotes":""},"class_list":["post-955","page","type-page","status-publish","hentry"],"_links":{"self":[{"href":"https:\/\/propiano.org\/english\/wp-json\/wp\/v2\/pages\/955","targetHints":{"allow":["GET"]}}],"collection":[{"href":"https:\/\/propiano.org\/english\/wp-json\/wp\/v2\/pages"}],"about":[{"href":"https:\/\/propiano.org\/english\/wp-json\/wp\/v2\/types\/page"}],"author":[{"embeddable":true,"href":"https:\/\/propiano.org\/english\/wp-json\/wp\/v2\/users\/1"}],"replies":[{"embeddable":true,"href":"https:\/\/propiano.org\/english\/wp-json\/wp\/v2\/comments?post=955"}],"version-history":[{"count":1,"href":"https:\/\/propiano.org\/english\/wp-json\/wp\/v2\/pages\/955\/revisions"}],"predecessor-version":[{"id":956,"href":"https:\/\/propiano.org\/english\/wp-json\/wp\/v2\/pages\/955\/revisions\/956"}],"wp:attachment":[{"href":"https:\/\/propiano.org\/english\/wp-json\/wp\/v2\/media?parent=955"}],"curies":[{"name":"wp","href":"https:\/\/api.w.org\/{rel}","templated":true}]}}